 is the highest common divisor of 4891 and k?
67
Suppose 75*f + 303722 = 151*f - 119750. Calculate the greatest common divisor of 28 and f.
28
Let a(u) = -u**3 - 63*u**2 + 37*u - 1719. Let x be a(-64). Calculate the greatest common divisor of x and 11880.
9
Let n = -134 + 194. Suppose 12*r + 6405 = 2613. Let i = -304 - r. What is the greatest common divisor of n and i?
12
Let a be 0 + ((-270)/(-25))/((-6)/(-165)). Let i = 314 - a. What is the greatest common divisor of 68 and i?
17
Let g be 139 + 2 - 3/(-1). Let s(v) = -v**2 + 281*v - 2430. Let y be s(9). What is the greatest common divisor of g and y?
18
Let y be -3*(-8)/6*2. Suppose -244*u + 240*u - 48 = 3*a, 4*a = 3*u - 64. Let h be 2/a - (-24695)/440. Calculate the greatest common factor of h and y.
8
Suppose 0*b = -4*b + 8. Suppose k = b*k - 2. Suppose k*n - 270 = -n. What is the highest common factor of n and 10?
10
Let k(y) = 3*y**2 - 36*y - 179. Let s be k(19). Calculate the greatest common divisor of 20 and s.
20
Let a be (-1)/(3 - (-640)/(-212)). Suppose 5*t + 621 = 95*c - 93*c, 0 = c + 5*t - 333. Calculate the greatest common factor of c and a.
53
Let z = -2006 + 2007. Suppose -3*a + 33 = -0*a. Calculate the highest common divisor of a and z.
1
Suppose 4*x + 12 - 58 - 350 = 0. Suppose -4*j + 3*j + 179 = 5*h, 32 = h + 4*j. Calculate the highest common divisor of h and x.
9
Suppose 4*y - 32 = f, -3*y - f = -24 - 7. Suppose 0 = -8*p + 115 + 29. What is the greatest common factor of p and y?
9
Suppose 0 = 11*t - t - 1980. Let f = t - 176. What is the highest common divisor of f and 143?
11
Let v(o) = -65*o + 76. Let c(y) = 64*y - 74. Let b(i) = 7*c(i) + 6*v(i). Let h be b(2). What is the highest common factor of h and 30?
6
Let j(d) = 371*d + 33. Let z be j(0). What is the greatest common divisor of 220 and z?
11
Let i = -1 + 13. Let w be (-90)/(-24) - 1/(-4). Suppose 5*c + w*c = 756. What is the greatest common factor of c and i?
12
Let r(q) = q**3 + 18*q**2 - 2*q - 58. Let w be r(-4). Calculate the greatest common divisor of 2146 and w.
58
Let x be ((-5 - -6)*58)/(4/26). What is the greatest common divisor of x and 273?
13
Let f(t) = -80*t - 155. Let v(u) = 27*u + 52. Let w(r) = 4*f(r) + 11*v(r). Let x be w(-21). Calculate the greatest common factor of x and 15.
15
Suppose 0 = 5*y - 8*y + 2*i - 1811, -2*y = 5*i + 1239. Let v = -310 - y. What is the highest common factor of v and 11?
11
Suppose -7*y - 65 + 79 = 0. Suppose -y*j = -j - 96. Calculate the highest common divisor of 224 and j.
32
Suppose -5*s + 40386 = 3*o, 0 = -7*o + 2*o + 35. Calculate the greatest common factor of 23 and s.
23
Suppose 0 = -4*y - 5*f + 1219, -3*y + y + 2*f = -632. Let j = y - 194. What is the greatest common factor of 39 and j?
39
Let o = 6416 - 6246. What is the highest common divisor of 950 and o?
10
Suppose 0 = -4*u + 5*u - 8. Let v be 3*u/28*28. Suppose -3*y + 42 + v = 0. Calculate the greatest common factor of y and 110.
22
Let y(c) = -c**3 - 12*c**2 - 3*c + 16. Let k(s) = 2*s - 6. Let n be k(-3). Let l be y(n). Let h = 65 - l. Calculate the highest common factor of 117 and h.
13
Let q(m) = -2*m**2 + 79. Let c be q(-10). Suppose 5*n + 208 = -2*i - 37, 3 = -3*n. Let t = i - c. Calculate the greatest common divisor of 1 and t.
1
Let n = -616 - -619. Suppose -9 = -3*h + n*t, 0 = 2*h - t - 3 - 6. Calculate the highest common divisor of 138 and h.
6
Let b be (-105)/(-6)*72/126. Let r(w) = w**2 + w - 4. Let p be r(-3). Calculate the highest common factor of p and b.
2
Let m(h) = -16*h - 173. Let w be m(-39). Let i be ((-82)/4)/((-115)/(-10) + -12). Calculate the highest common divisor of w and i.
41
Let x(a) = -a - 10. Let q be x(-7). Let j be 5 + (3 - 9 - q). Suppose 5*s - 211 = -j*h, h + 0*s - 107 = -s. Calculate the greatest common factor of 9 and h.
9
Suppose -2*y = f - 201, -3*y + f = -f - 291. Suppose 4*g = 4*z + 64, 0 = -5*g - 4*z + 24 + 11. What is the greatest common factor of y and g?
11
Let a(q) = -6*q - 53. Let n be a(-9). Let b be 1/n*-7*(-4)/28. Calculate the greatest common divisor of b and 8.
1
Suppose -16*y + 75 + 247 = -158. What is the highest common factor of y and 625?
5
Let m be (-25)/((-26 - -16) + 9). What is the greatest common divisor of m and 4?
1
Suppose -38*r + 2852 = -13108. Calculate the greatest common divisor of 240 and r.
60
Let z(m) = 4*m + 10. Let o be z(2). Let n = o - -554. Calculate the highest common divisor of 52 and n.
52
Let g be (-6)/(-9) - 94/6. Let f be 68*(-3)/g - 2/(-5). Calculate the greatest common factor of 21 and f.
7
Suppose -51 = -347*n + 346*n - 3*i, 0 = -3*i + 15. Calculate the greatest common factor of 36 and n.
36
Let m = 849 + -525. What is the greatest common factor of 132 and m?
12
Let h(q) = -5*q**2 + 351*q - 170. Let f be h(69). Calculate the highest common factor of f and 610.
122
Let g(o) = 17*o**2 - 11*o - 8. Let p be g(-4). What is the highest common divisor of p and 98?
14
Suppose 20*k - 5*k + 4455 = 0. Let c = 349 + k. Calculate the highest common factor of 104 and c.
52
Let y = 2 + 2. Suppose 14 = 3*p + x, 16*p = 17*p - 4*x - 22. Suppose 2 + p = 2*u. What is the highest common factor of y and u?
4
Let r(g) = g**3 - 18*g**2 + 49*g - 538. Let y be r(24). What is the highest common divisor of y and 46?
46
Let o = -15422 + 15441. What is the highest common factor of o and 2603?
19
Let n = -9634 - -20548. Calculate the greatest common factor of n and 51.
51
Let p be 8 - (-276 + -4) - 12. What is the greatest common divisor of 345 and p?
69
Let j be (-1)/3*-2 - (-264)/9. Suppose -j*l + 23*l = -35. Calculate the greatest common factor of l and 35.
5
Suppose 3 + 3 = -3*i - 3*g, -i + 10 = -5*g. Suppose 0 = 3*l - i*l - 3564. Suppose 26*m - 30*m + l = 0. What is the highest common divisor of m and 27?
27
Suppose 6*i + 4*p = i - 224, -220 = 5*i + 5*p. Let t be 1 - (-14)/(-1) - -1. Let y = t - i. What is the highest common divisor of 4 and y?
4
Let b = -721 + 1285. Let g = -532 + b. What is the greatest common divisor of g and 96?
32
Suppose 19*b = -136*b + 30*b + 74375. Calculate the highest common divisor of b and 210.
35
Let f = -2433 + 2608. Calculate the greatest common divisor of 400 and f.
25
Let f be 10 - (450*-4)/5. Calculate the highest common divisor of f and 110.
10
Let s(l) = -62*l - 413. Let p be s(-18). What is the highest common factor of p and 836?
19
Let a = 312 + -181. Let j = a + -108. Calculate the greatest common divisor of 161 and j.
23
Let l(n) be the second derivative of n**4/12 - n**3 - 18*n**2 - 13*n. Let i be l(-6). Calculate the greatest common divisor of i and 126.
18
Let l = 2255 + -2215. Let h(i) = -80*i. Let w be h(-2). What is the highest common factor of w and l?
40
Suppose -2*g - 19 + 29 = 0. Suppose -g*i + 98 = 43. Calculate the greatest common divisor of 44 and i.
11
Let f be ((-4)/(-3))/(6/(-18)). Let l be 30/10 + (22 - f/2). Suppose 4*c - 492 = -60. What is the greatest common divisor of l and c?
27
Suppose -5*u + 559 = -2*k, 5*u + 15*k - 553 = 14*k. What is the highest common factor of u and 2775?
111
Suppose 2*g + 4*k - 66 = 0, 3*g = 2*k - 16 + 115. Calculate the highest common factor of g and 704.
11
Suppose -440*r = 135*r - 510600. Calculate the greatest common factor of 192 and r.
24
Let u be ((-1)/2)/(3*1/36). Let z be (-54)/((-2)/(u*15/(-10))). What is the highest common divisor of 9 and z?
9
Suppose -121*y = -272*y + 128*y + 7590. Calculate the greatest common factor of y and 814.
22
Suppose -276 = -3*r - 2*u + 75, -109 = -r + 2*u. Calculate the highest common divisor of 21045 and r.
115
Let p(v) = -7*v**3 - 16*v**2 - 20*v + 109. Let b be p(-10). What is the greatest common factor of 33 and b?
33
Suppose d - 43*c = -46*c, -45 = -2*d + 3*c. Let i = -255 - -735. What is the greatest common factor of d and i?
15
Let r = 7 + 19. Let v = -4317 + 4330. Calculate the greatest common factor of v and r.
13
Let g be (-947)/(-35) + 0 - 18574/325045. Let t(k) = 1 + 0 + 11*k + 36*k. Let i be t(4). Calculate the highest common divisor of i and g.
27
Let w = -126776 - -127399. Suppose -5*y + 0*y = -1335. Calculate the highest common divisor of y and w.
89
Let z(a) = -a**3 - 40*a**2 - 225*a - 132. Let h be z(-34). Calculate the highest common factor of h and 388.
194
Suppose -16*t = -40*t + 312. Suppose t*q + 2366 